{"id":220,"date":"2019-04-12T10:18:16","date_gmt":"2019-04-12T10:18:16","guid":{"rendered":"https:\/\/chromassonic.com\/?page_id=220"},"modified":"2021-12-10T09:17:15","modified_gmt":"2021-12-10T09:17:15","slug":"saint-saens","status":"publish","type":"page","link":"https:\/\/chromassonic.com\/index.php\/saint-saens\/","title":{"rendered":"Saint-Sa\u00ebns (76680)"},"content":{"rendered":"\r\n<p><strong>Sophie PERRIN<\/strong>,<\/p>\r\n\r\n\r\n\r\n<p>Consultante Formatrice Th\u00e9rapeute<\/p>\r\n\r\n\r\n\r\n<p>21 Place. Maintenon<br \/><span>76680 Saint-Sa\u00ebns<\/span><\/p>\r\n\r\n\r\n\r\n<p>T\u00e9l. 0235865645<br \/>T\u00e9l. 0662682787<\/p>\r\n\r\n\r\n\r\n<div class=\"wp-block-button\"><a class=\"wp-block-button__link has-text-color has-background has-white-background-color\" href=\"https:\/\/www.google.com\/maps\/place\/21+Pl.+Maintenon,+76680+Saint-Sa%C3%ABns\/@49.6733037,1.2809902,17z\/data=!3m1!4b1!4m5!3m4!1s0x47e0c830251fa00f:0x4aaa8c83e910ef3f!8m2!3d49.6733002!4d1.2831789\" style=\"color: #222222;\" target=\"_blank\" rel=\"noopener\">Plan du centre<\/a><\/div>\r\n\r\n\r\n\r\n<figure class=\"wp-block-image\"><img decoding=\"async\" loading=\"lazy\" src=\"https:\/\/chromassonic.com\/wp-content\/uploads\/2021\/12\/20211102_104011-1.jpg\" alt=\"\" width=\"2000\" height=\"1500\" class=\"alignnone size-full wp-image-475\" srcset=\"https:\/\/chromassonic.com\/wp-content\/uploads\/2021\/12\/20211102_104011-1.jpg 2000w, https:\/\/chromassonic.com\/wp-content\/uploads\/2021\/12\/20211102_104011-1-300x225.jpg 300w, https:\/\/chromassonic.com\/wp-content\/uploads\/2021\/12\/20211102_104011-1-1024x768.jpg 1024w, https:\/\/chromassonic.com\/wp-content\/uploads\/2021\/12\/20211102_104011-1-768x576.jpg 768w, https:\/\/chromassonic.com\/wp-content\/uploads\/2021\/12\/20211102_104011-1-1536x1152.jpg 1536w\" sizes=\"(max-width: 2000px) 100vw, 2000px\" \/><\/figure>\r\n<p>&nbsp;<\/p>\r\n\r\n\r\n\r\n<figure class=\"wp-block-image\"><\/figure>\r\n","protected":false},"excerpt":{"rendered":"<p>Sophie PERRIN, Consultante Formatrice Th\u00e9rapeute 21 Place. Maintenon76680 Saint-Sa\u00ebns T\u00e9l. 0235865645T\u00e9l. 0662682787<\/p>\n","protected":false},"author":2,"featured_media":79,"parent":0,"menu_order":0,"comment_status":"closed","ping_status":"closed","template":"","meta":[],"yoast_head":"<!-- This site is optimized with the Yoast SEO plugin v21.8.1 - https:\/\/yoast.com\/wordpress\/plugins\/seo\/ -->\n<title>Saint-Sa\u00ebns (76680) - Chromassonic<\/title>\n<meta name=\"robots\" content=\"index, follow, max-snippet:-1, max-image-preview:large, max-video-preview:-1\" \/>\n<link rel=\"canonical\" href=\"https:\/\/chromassonic.com\/index.php\/saint-saens\/\" \/>\n<meta property=\"og:locale\" content=\"fr_FR\" \/>\n<meta property=\"og:type\" content=\"article\" \/>\n<meta property=\"og:title\" content=\"Saint-Sa\u00ebns (76680) - Chromassonic\" \/>\n<meta property=\"og:description\" content=\"Sophie PERRIN, Consultante Formatrice Th\u00e9rapeute 21 Place. Maintenon76680 Saint-Sa\u00ebns T\u00e9l. 0235865645T\u00e9l. 0662682787\" \/>\n<meta property=\"og:url\" content=\"https:\/\/chromassonic.com\/index.php\/saint-saens\/\" \/>\n<meta property=\"og:site_name\" content=\"Chromassonic\" \/>\n<meta property=\"article:modified_time\" content=\"2021-12-10T09:17:15+00:00\" \/>\n<meta property=\"og:image\" content=\"https:\/\/chromassonic.com\/wp-content\/uploads\/2019\/04\/appareil_chromassonic.jpg\" \/>\n\t<meta property=\"og:image:width\" content=\"2520\" \/>\n\t<meta property=\"og:image:height\" content=\"1392\" \/>\n\t<meta property=\"og:image:type\" content=\"image\/jpeg\" \/>\n<meta name=\"twitter:card\" content=\"summary_large_image\" \/>\n<meta name=\"twitter:label1\" content=\"Dur\u00e9e de lecture estim\u00e9e\" \/>\n\t<meta name=\"twitter:data1\" content=\"1 minute\" \/>\n<script type=\"application\/ld+json\" class=\"yoast-schema-graph\">{\"@context\":\"https:\/\/schema.org\",\"@graph\":[{\"@type\":\"WebPage\",\"@id\":\"https:\/\/chromassonic.com\/index.php\/saint-saens\/\",\"url\":\"https:\/\/chromassonic.com\/index.php\/saint-saens\/\",\"name\":\"Saint-Sa\u00ebns (76680) - Chromassonic\",\"isPartOf\":{\"@id\":\"https:\/\/chromassonic.com\/#website\"},\"datePublished\":\"2019-04-12T10:18:16+00:00\",\"dateModified\":\"2021-12-10T09:17:15+00:00\",\"breadcrumb\":{\"@id\":\"https:\/\/chromassonic.com\/index.php\/saint-saens\/#breadcrumb\"},\"inLanguage\":\"fr-FR\",\"potentialAction\":[{\"@type\":\"ReadAction\",\"target\":[\"https:\/\/chromassonic.com\/index.php\/saint-saens\/\"]}]},{\"@type\":\"BreadcrumbList\",\"@id\":\"https:\/\/chromassonic.com\/index.php\/saint-saens\/#breadcrumb\",\"itemListElement\":[{\"@type\":\"ListItem\",\"position\":1,\"name\":\"Accueil\",\"item\":\"https:\/\/chromassonic.com\/\"},{\"@type\":\"ListItem\",\"position\":2,\"name\":\"Saint-Sa\u00ebns (76680)\"}]},{\"@type\":\"WebSite\",\"@id\":\"https:\/\/chromassonic.com\/#website\",\"url\":\"https:\/\/chromassonic.com\/\",\"name\":\"Chromassonic\",\"description\":\"Syst\u00e8me brevet\u00e9 de chromoth\u00e9rapie\",\"publisher\":{\"@id\":\"https:\/\/chromassonic.com\/#organization\"},\"potentialAction\":[{\"@type\":\"SearchAction\",\"target\":{\"@type\":\"EntryPoint\",\"urlTemplate\":\"https:\/\/chromassonic.com\/?s={search_term_string}\"},\"query-input\":\"required name=search_term_string\"}],\"inLanguage\":\"fr-FR\"},{\"@type\":\"Organization\",\"@id\":\"https:\/\/chromassonic.com\/#organization\",\"name\":\"Chromassonic\",\"url\":\"https:\/\/chromassonic.com\/\",\"logo\":{\"@type\":\"ImageObject\",\"inLanguage\":\"fr-FR\",\"@id\":\"https:\/\/chromassonic.com\/#\/schema\/logo\/image\/\",\"url\":\"https:\/\/chromassonic.com\/wp-content\/uploads\/2019\/04\/Chromassonic-systeme-logo-1.png\",\"contentUrl\":\"https:\/\/chromassonic.com\/wp-content\/uploads\/2019\/04\/Chromassonic-systeme-logo-1.png\",\"width\":1656,\"height\":327,\"caption\":\"Chromassonic\"},\"image\":{\"@id\":\"https:\/\/chromassonic.com\/#\/schema\/logo\/image\/\"}}]}<\/script>\n<!-- \/ Yoast SEO plugin. -->","yoast_head_json":{"title":"Saint-Sa\u00ebns (76680) - Chromassonic","robots":{"index":"index","follow":"follow","max-snippet":"max-snippet:-1","max-image-preview":"max-image-preview:large","max-video-preview":"max-video-preview:-1"},"canonical":"https:\/\/chromassonic.com\/index.php\/saint-saens\/","og_locale":"fr_FR","og_type":"article","og_title":"Saint-Sa\u00ebns (76680) - Chromassonic","og_description":"Sophie PERRIN, Consultante Formatrice Th\u00e9rapeute 21 Place. Maintenon76680 Saint-Sa\u00ebns T\u00e9l. 0235865645T\u00e9l. 0662682787","og_url":"https:\/\/chromassonic.com\/index.php\/saint-saens\/","og_site_name":"Chromassonic","article_modified_time":"2021-12-10T09:17:15+00:00","og_image":[{"width":2520,"height":1392,"url":"https:\/\/chromassonic.com\/wp-content\/uploads\/2019\/04\/appareil_chromassonic.jpg","type":"image\/jpeg"}],"twitter_card":"summary_large_image","twitter_misc":{"Dur\u00e9e de lecture estim\u00e9e":"1 minute"},"schema":{"@context":"https:\/\/schema.org","@graph":[{"@type":"WebPage","@id":"https:\/\/chromassonic.com\/index.php\/saint-saens\/","url":"https:\/\/chromassonic.com\/index.php\/saint-saens\/","name":"Saint-Sa\u00ebns (76680) - Chromassonic","isPartOf":{"@id":"https:\/\/chromassonic.com\/#website"},"datePublished":"2019-04-12T10:18:16+00:00","dateModified":"2021-12-10T09:17:15+00:00","breadcrumb":{"@id":"https:\/\/chromassonic.com\/index.php\/saint-saens\/#breadcrumb"},"inLanguage":"fr-FR","potentialAction":[{"@type":"ReadAction","target":["https:\/\/chromassonic.com\/index.php\/saint-saens\/"]}]},{"@type":"BreadcrumbList","@id":"https:\/\/chromassonic.com\/index.php\/saint-saens\/#breadcrumb","itemListElement":[{"@type":"ListItem","position":1,"name":"Accueil","item":"https:\/\/chromassonic.com\/"},{"@type":"ListItem","position":2,"name":"Saint-Sa\u00ebns (76680)"}]},{"@type":"WebSite","@id":"https:\/\/chromassonic.com\/#website","url":"https:\/\/chromassonic.com\/","name":"Chromassonic","description":"Syst\u00e8me brevet\u00e9 de chromoth\u00e9rapie","publisher":{"@id":"https:\/\/chromassonic.com\/#organization"},"potentialAction":[{"@type":"SearchAction","target":{"@type":"EntryPoint","urlTemplate":"https:\/\/chromassonic.com\/?s={search_term_string}"},"query-input":"required name=search_term_string"}],"inLanguage":"fr-FR"},{"@type":"Organization","@id":"https:\/\/chromassonic.com\/#organization","name":"Chromassonic","url":"https:\/\/chromassonic.com\/","logo":{"@type":"ImageObject","inLanguage":"fr-FR","@id":"https:\/\/chromassonic.com\/#\/schema\/logo\/image\/","url":"https:\/\/chromassonic.com\/wp-content\/uploads\/2019\/04\/Chromassonic-systeme-logo-1.png","contentUrl":"https:\/\/chromassonic.com\/wp-content\/uploads\/2019\/04\/Chromassonic-systeme-logo-1.png","width":1656,"height":327,"caption":"Chromassonic"},"image":{"@id":"https:\/\/chromassonic.com\/#\/schema\/logo\/image\/"}}]}},"_links":{"self":[{"href":"https:\/\/chromassonic.com\/index.php\/wp-json\/wp\/v2\/pages\/220"}],"collection":[{"href":"https:\/\/chromassonic.com\/index.php\/wp-json\/wp\/v2\/pages"}],"about":[{"href":"https:\/\/chromassonic.com\/index.php\/wp-json\/wp\/v2\/types\/page"}],"author":[{"embeddable":true,"href":"https:\/\/chromassonic.com\/index.php\/wp-json\/wp\/v2\/users\/2"}],"replies":[{"embeddable":true,"href":"https:\/\/chromassonic.com\/index.php\/wp-json\/wp\/v2\/comments?post=220"}],"version-history":[{"count":9,"href":"https:\/\/chromassonic.com\/index.php\/wp-json\/wp\/v2\/pages\/220\/revisions"}],"predecessor-version":[{"id":479,"href":"https:\/\/chromassonic.com\/index.php\/wp-json\/wp\/v2\/pages\/220\/revisions\/479"}],"wp:featuredmedia":[{"embeddable":true,"href":"https:\/\/chromassonic.com\/index.php\/wp-json\/wp\/v2\/media\/79"}],"wp:attachment":[{"href":"https:\/\/chromassonic.com\/index.php\/wp-json\/wp\/v2\/media?parent=220"}],"curies":[{"name":"wp","href":"https:\/\/api.w.org\/{rel}","templated":true}]}}