{"id":455,"date":"2021-03-07T13:29:32","date_gmt":"2021-03-07T13:29:32","guid":{"rendered":"https:\/\/chromassonic.com\/?page_id=455"},"modified":"2021-03-07T13:29:33","modified_gmt":"2021-03-07T13:29:33","slug":"cormeilles-en-parisis-95240","status":"publish","type":"page","link":"https:\/\/chromassonic.com\/index.php\/cormeilles-en-parisis-95240\/","title":{"rendered":"Cormeilles-en-Parisis (95240)"},"content":{"rendered":"\n<h2 class=\"wp-block-heading\">Essendi<\/h2>\n\n\n\n<p>11 rue de la r\u00e9publique\u00a095240<\/p>\n\n\n\n<p>Cormeilles-en-Parisis\u00a0<\/p>\n\n\n\n<p>Tel\u00a0: 06 25 09 54 09<\/p>\n\n\n\n<p>Massages et Soins Humanistes<\/p>\n\n\n\n<p>R\u00e9flexologie<\/p>\n\n\n\n<p>Chromoth\u00e9rapie\u00a0<\/p>\n\n\n\n<p><a href=\"http:\/\/www.essendi.fr\/\" target=\"_blank\" rel=\"noreferrer noopener\">www.essendi.fr<\/a>\u00a0<\/p>\n\n\n\n<figure class=\"wp-block-image size-large\"><img decoding=\"async\" loading=\"lazy\" width=\"640\" height=\"480\" src=\"https:\/\/chromassonic.com\/wp-content\/uploads\/2021\/03\/Chromotherapie-Essendi.jpeg\" alt=\"\" class=\"wp-image-456\" srcset=\"https:\/\/chromassonic.com\/wp-content\/uploads\/2021\/03\/Chromotherapie-Essendi.jpeg 640w, https:\/\/chromassonic.com\/wp-content\/uploads\/2021\/03\/Chromotherapie-Essendi-300x225.jpeg 300w\" sizes=\"(max-width: 640px) 100vw, 640px\" \/><\/figure>\n\n\n\n<div class=\"wp-block-themeisle-blocks-advanced-columns has-1-columns has-desktop-equal-layout has-tablet-equal-layout has-mobile-equal-layout has-default-gap has-vertical-unset\" id=\"wp-block-themeisle-blocks-advanced-columns-0913088a\"><div class=\"wp-block-themeisle-blocks-advanced-columns-overlay\"><\/div><div class=\"innerblocks-wrap\">\n<div class=\"wp-block-themeisle-blocks-advanced-column\" id=\"wp-block-themeisle-blocks-advanced-column-ac746201\"><\/div>\n<\/div><\/div>\n","protected":false},"excerpt":{"rendered":"<p>Essendi 11 rue de la r\u00e9publique\u00a095240 Cormeilles-en-Parisis\u00a0 Tel\u00a0: 06 25 09 54 09 Massages et Soins Humanistes R\u00e9flexologie Chromoth\u00e9rapie\u00a0 www.essendi.fr\u00a0<\/p>\n","protected":false},"author":2,"featured_media":456,"parent":0,"menu_order":0,"comment_status":"closed","ping_status":"closed","template":"","meta":[],"yoast_head":"<!-- This site is optimized with the Yoast SEO plugin v21.8.1 - https:\/\/yoast.com\/wordpress\/plugins\/seo\/ -->\n<title>Cormeilles-en-Parisis (95240) - Chromassonic<\/title>\n<meta name=\"robots\" content=\"index, follow, max-snippet:-1, max-image-preview:large, max-video-preview:-1\" \/>\n<link rel=\"canonical\" href=\"https:\/\/chromassonic.com\/index.php\/cormeilles-en-parisis-95240\/\" \/>\n<meta property=\"og:locale\" content=\"fr_FR\" \/>\n<meta property=\"og:type\" content=\"article\" \/>\n<meta property=\"og:title\" content=\"Cormeilles-en-Parisis (95240) - Chromassonic\" \/>\n<meta property=\"og:description\" content=\"Essendi 11 rue de la r\u00e9publique\u00a095240 Cormeilles-en-Parisis\u00a0 Tel\u00a0: 06 25 09 54 09 Massages et Soins Humanistes R\u00e9flexologie Chromoth\u00e9rapie\u00a0 www.essendi.fr\u00a0\" \/>\n<meta property=\"og:url\" content=\"https:\/\/chromassonic.com\/index.php\/cormeilles-en-parisis-95240\/\" \/>\n<meta property=\"og:site_name\" content=\"Chromassonic\" \/>\n<meta property=\"article:modified_time\" content=\"2021-03-07T13:29:33+00:00\" \/>\n<meta property=\"og:image\" content=\"https:\/\/chromassonic.com\/wp-content\/uploads\/2021\/03\/Chromotherapie-Essendi.jpeg\" \/>\n\t<meta property=\"og:image:width\" content=\"640\" \/>\n\t<meta property=\"og:image:height\" content=\"480\" \/>\n\t<meta property=\"og:image:type\" content=\"image\/jpeg\" \/>\n<meta name=\"twitter:card\" content=\"summary_large_image\" \/>\n<meta name=\"twitter:label1\" content=\"Dur\u00e9e de lecture estim\u00e9e\" \/>\n\t<meta name=\"twitter:data1\" content=\"1 minute\" \/>\n<script type=\"application\/ld+json\" class=\"yoast-schema-graph\">{\"@context\":\"https:\/\/schema.org\",\"@graph\":[{\"@type\":\"WebPage\",\"@id\":\"https:\/\/chromassonic.com\/index.php\/cormeilles-en-parisis-95240\/\",\"url\":\"https:\/\/chromassonic.com\/index.php\/cormeilles-en-parisis-95240\/\",\"name\":\"Cormeilles-en-Parisis (95240) - Chromassonic\",\"isPartOf\":{\"@id\":\"https:\/\/chromassonic.com\/#website\"},\"datePublished\":\"2021-03-07T13:29:32+00:00\",\"dateModified\":\"2021-03-07T13:29:33+00:00\",\"breadcrumb\":{\"@id\":\"https:\/\/chromassonic.com\/index.php\/cormeilles-en-parisis-95240\/#breadcrumb\"},\"inLanguage\":\"fr-FR\",\"potentialAction\":[{\"@type\":\"ReadAction\",\"target\":[\"https:\/\/chromassonic.com\/index.php\/cormeilles-en-parisis-95240\/\"]}]},{\"@type\":\"BreadcrumbList\",\"@id\":\"https:\/\/chromassonic.com\/index.php\/cormeilles-en-parisis-95240\/#breadcrumb\",\"itemListElement\":[{\"@type\":\"ListItem\",\"position\":1,\"name\":\"Accueil\",\"item\":\"https:\/\/chromassonic.com\/\"},{\"@type\":\"ListItem\",\"position\":2,\"name\":\"Cormeilles-en-Parisis (95240)\"}]},{\"@type\":\"WebSite\",\"@id\":\"https:\/\/chromassonic.com\/#website\",\"url\":\"https:\/\/chromassonic.com\/\",\"name\":\"Chromassonic\",\"description\":\"Syst\u00e8me brevet\u00e9 de chromoth\u00e9rapie\",\"publisher\":{\"@id\":\"https:\/\/chromassonic.com\/#organization\"},\"potentialAction\":[{\"@type\":\"SearchAction\",\"target\":{\"@type\":\"EntryPoint\",\"urlTemplate\":\"https:\/\/chromassonic.com\/?s={search_term_string}\"},\"query-input\":\"required name=search_term_string\"}],\"inLanguage\":\"fr-FR\"},{\"@type\":\"Organization\",\"@id\":\"https:\/\/chromassonic.com\/#organization\",\"name\":\"Chromassonic\",\"url\":\"https:\/\/chromassonic.com\/\",\"logo\":{\"@type\":\"ImageObject\",\"inLanguage\":\"fr-FR\",\"@id\":\"https:\/\/chromassonic.com\/#\/schema\/logo\/image\/\",\"url\":\"https:\/\/chromassonic.com\/wp-content\/uploads\/2019\/04\/Chromassonic-systeme-logo-1.png\",\"contentUrl\":\"https:\/\/chromassonic.com\/wp-content\/uploads\/2019\/04\/Chromassonic-systeme-logo-1.png\",\"width\":1656,\"height\":327,\"caption\":\"Chromassonic\"},\"image\":{\"@id\":\"https:\/\/chromassonic.com\/#\/schema\/logo\/image\/\"}}]}<\/script>\n<!-- \/ Yoast SEO plugin. -->","yoast_head_json":{"title":"Cormeilles-en-Parisis (95240) - Chromassonic","robots":{"index":"index","follow":"follow","max-snippet":"max-snippet:-1","max-image-preview":"max-image-preview:large","max-video-preview":"max-video-preview:-1"},"canonical":"https:\/\/chromassonic.com\/index.php\/cormeilles-en-parisis-95240\/","og_locale":"fr_FR","og_type":"article","og_title":"Cormeilles-en-Parisis (95240) - Chromassonic","og_description":"Essendi 11 rue de la r\u00e9publique\u00a095240 Cormeilles-en-Parisis\u00a0 Tel\u00a0: 06 25 09 54 09 Massages et Soins Humanistes R\u00e9flexologie Chromoth\u00e9rapie\u00a0 www.essendi.fr\u00a0","og_url":"https:\/\/chromassonic.com\/index.php\/cormeilles-en-parisis-95240\/","og_site_name":"Chromassonic","article_modified_time":"2021-03-07T13:29:33+00:00","og_image":[{"width":640,"height":480,"url":"https:\/\/chromassonic.com\/wp-content\/uploads\/2021\/03\/Chromotherapie-Essendi.jpeg","type":"image\/jpeg"}],"twitter_card":"summary_large_image","twitter_misc":{"Dur\u00e9e de lecture estim\u00e9e":"1 minute"},"schema":{"@context":"https:\/\/schema.org","@graph":[{"@type":"WebPage","@id":"https:\/\/chromassonic.com\/index.php\/cormeilles-en-parisis-95240\/","url":"https:\/\/chromassonic.com\/index.php\/cormeilles-en-parisis-95240\/","name":"Cormeilles-en-Parisis (95240) - Chromassonic","isPartOf":{"@id":"https:\/\/chromassonic.com\/#website"},"datePublished":"2021-03-07T13:29:32+00:00","dateModified":"2021-03-07T13:29:33+00:00","breadcrumb":{"@id":"https:\/\/chromassonic.com\/index.php\/cormeilles-en-parisis-95240\/#breadcrumb"},"inLanguage":"fr-FR","potentialAction":[{"@type":"ReadAction","target":["https:\/\/chromassonic.com\/index.php\/cormeilles-en-parisis-95240\/"]}]},{"@type":"BreadcrumbList","@id":"https:\/\/chromassonic.com\/index.php\/cormeilles-en-parisis-95240\/#breadcrumb","itemListElement":[{"@type":"ListItem","position":1,"name":"Accueil","item":"https:\/\/chromassonic.com\/"},{"@type":"ListItem","position":2,"name":"Cormeilles-en-Parisis (95240)"}]},{"@type":"WebSite","@id":"https:\/\/chromassonic.com\/#website","url":"https:\/\/chromassonic.com\/","name":"Chromassonic","description":"Syst\u00e8me brevet\u00e9 de chromoth\u00e9rapie","publisher":{"@id":"https:\/\/chromassonic.com\/#organization"},"potentialAction":[{"@type":"SearchAction","target":{"@type":"EntryPoint","urlTemplate":"https:\/\/chromassonic.com\/?s={search_term_string}"},"query-input":"required name=search_term_string"}],"inLanguage":"fr-FR"},{"@type":"Organization","@id":"https:\/\/chromassonic.com\/#organization","name":"Chromassonic","url":"https:\/\/chromassonic.com\/","logo":{"@type":"ImageObject","inLanguage":"fr-FR","@id":"https:\/\/chromassonic.com\/#\/schema\/logo\/image\/","url":"https:\/\/chromassonic.com\/wp-content\/uploads\/2019\/04\/Chromassonic-systeme-logo-1.png","contentUrl":"https:\/\/chromassonic.com\/wp-content\/uploads\/2019\/04\/Chromassonic-systeme-logo-1.png","width":1656,"height":327,"caption":"Chromassonic"},"image":{"@id":"https:\/\/chromassonic.com\/#\/schema\/logo\/image\/"}}]}},"_links":{"self":[{"href":"https:\/\/chromassonic.com\/index.php\/wp-json\/wp\/v2\/pages\/455"}],"collection":[{"href":"https:\/\/chromassonic.com\/index.php\/wp-json\/wp\/v2\/pages"}],"about":[{"href":"https:\/\/chromassonic.com\/index.php\/wp-json\/wp\/v2\/types\/page"}],"author":[{"embeddable":true,"href":"https:\/\/chromassonic.com\/index.php\/wp-json\/wp\/v2\/users\/2"}],"replies":[{"embeddable":true,"href":"https:\/\/chromassonic.com\/index.php\/wp-json\/wp\/v2\/comments?post=455"}],"version-history":[{"count":1,"href":"https:\/\/chromassonic.com\/index.php\/wp-json\/wp\/v2\/pages\/455\/revisions"}],"predecessor-version":[{"id":457,"href":"https:\/\/chromassonic.com\/index.php\/wp-json\/wp\/v2\/pages\/455\/revisions\/457"}],"wp:featuredmedia":[{"embeddable":true,"href":"https:\/\/chromassonic.com\/index.php\/wp-json\/wp\/v2\/media\/456"}],"wp:attachment":[{"href":"https:\/\/chromassonic.com\/index.php\/wp-json\/wp\/v2\/media?parent=455"}],"curies":[{"name":"wp","href":"https:\/\/api.w.org\/{rel}","templated":true}]}}