{"id":82,"date":"2019-04-11T17:48:31","date_gmt":"2019-04-11T17:48:31","guid":{"rendered":"https:\/\/chromassonic.com\/?page_id=82"},"modified":"2019-05-16T20:30:09","modified_gmt":"2019-05-16T20:30:09","slug":"presentation-de-chromassonic","status":"publish","type":"page","link":"https:\/\/chromassonic.com\/index.php\/presentation-de-chromassonic\/","title":{"rendered":"Pr\u00e9sentation de Chromassonic"},"content":{"rendered":"\n<figure class=\"wp-block-embed-youtube aligncenter wp-block-embed is-type-video is-provider-youtube wp-embed-aspect-4-3 wp-has-aspect-ratio\"><div class=\"wp-block-embed__wrapper\">\n<iframe loading=\"lazy\"  style=\"display: block; margin: 0px auto;\"  id=\"_ytid_64351\"  width=\"750\" height=\"563\"  data-origwidth=\"750\" data-origheight=\"563\"  data-relstop=\"1\" src=\"https:\/\/www.youtube.com\/embed\/wDYn4ZDA25w?enablejsapi=1&#038;autoplay=0&#038;cc_load_policy=0&#038;cc_lang_pref=&#038;iv_load_policy=1&#038;loop=0&#038;rel=0&#038;fs=1&#038;playsinline=0&#038;autohide=2&#038;hl=fr_FR&#038;theme=dark&#038;color=red&#038;controls=1&#038;\" class=\"__youtube_prefs__  epyt-is-override  no-lazyload\" title=\"YouTube player\"  allow=\"fullscreen; accelerometer; autoplay; clipboard-write; encrypted-media; gyroscope; picture-in-picture\" allowfullscreen data-no-lazy=\"1\" data-skipgform_ajax_framebjll=\"\"><\/iframe>\n<\/div><\/figure>\n\n\n\n<p><strong>Les soins \u00e9nerg\u00e9tiques par le son et la lumi\u00e8re<\/strong><\/p>\n\n\n\n<p>Le concept de la CHROMASSONIC est de proposer un outil accessible \u00e0 tous, permettant au corps de se d\u00e9tendre et de retrouver sa vitalit\u00e9. Fruit de 20 ann\u00e9es de recherche, l&rsquo;appareil associe deux principes :<\/p>\n\n\n\n<ul><li>Une s\u00e9rie de lumi\u00e8res douces g\u00e9n\u00e9r\u00e9es par des ampoules monochromatiques<\/li><li>Une source sonore produisant une vibration adapt\u00e9e pour un rel\u00e2chement physique<\/li><\/ul>\n\n\n\n<p>Chaque couleur a ses propres effets. L\u2019utilisateur peut choisir son propre programme et tout fonctionne de fa\u00e7on autonome. La lumi\u00e8re et le son entrent en harmonie et placent votre corps dans un \u00e9tat r\u00e9parateur.<\/p>\n\n\n\n<figure class=\"wp-block-image\"><img decoding=\"async\" loading=\"lazy\" width=\"900\" height=\"303\" src=\"https:\/\/chromassonic.com\/wp-content\/uploads\/2019\/04\/chromassonic_mat\u00e9riel.jpg\" alt=\"\" class=\"wp-image-83\" srcset=\"https:\/\/chromassonic.com\/wp-content\/uploads\/2019\/04\/chromassonic_mat\u00e9riel.jpg 900w, https:\/\/chromassonic.com\/wp-content\/uploads\/2019\/04\/chromassonic_mat\u00e9riel-300x101.jpg 300w, https:\/\/chromassonic.com\/wp-content\/uploads\/2019\/04\/chromassonic_mat\u00e9riel-768x259.jpg 768w\" sizes=\"(max-width: 900px) 100vw, 900px\" \/><\/figure>\n\n\n\n<hr class=\"wp-block-separator\"\/>\n\n\n\n<p><strong>L&rsquo;histoire de la Chromassonic : le travail d&rsquo;Alexandre Hom\u00e9<\/strong><\/p>\n\n\n\n<p><strong>Alexandre Hom\u00e9<\/strong> \u00e9tait un chercheur de Perpignan. Son travail fut situ\u00e9 dans la lign\u00e9e du m\u00e9decin allemand <strong>Franz-Anton MESMER<\/strong>, fondateur de la th\u00e9orie du magn\u00e9tisme au 18\u00e8me et d\u00e9but du 19\u00e8me si\u00e8cle. Alexandre Hom\u00e9 a ouvert de nouvelles voies pour la sant\u00e9 et les soins \u00e9nerg\u00e9tiques :<\/p>\n\n\n\n<ul><li>En inventant l&rsquo;appareil CHROMASSONIC, un syst\u00e8me unique dans sa conception gr\u00e2ce \u00e0 l&rsquo;association des couleurs et des sons. Les premiers r\u00e9sultats ont \u00e9t\u00e9 surprenants, avec un apaisement g\u00e9n\u00e9ral et une am\u00e9lioration des comportements face \u00e0 la nervosit\u00e9, l&rsquo;insomnie, la perte de personnalit\u00e9, et les autres perturbations li\u00e9es \u00e0 la vie moderne et \u00e0 la pollution.<\/li><li>En cr\u00e9ant des nouveaux produits de r\u00e9g\u00e9n\u00e9ration pour les plantes, les animaux et les hommes.<\/li><li>En initiant la gymnastique occulaire par le son et la couleur, permettant d&rsquo;apaiser la fatigue des yeux et d&rsquo;encourager le r\u00e9tablissement de la vue.<\/li><\/ul>\n\n\n\n<hr class=\"wp-block-separator\"\/>\n\n\n\n<p style=\"text-align:left\"><strong>Approche de CHROMASSONIC, une recherche adapt\u00e9e, un appareil moderne<\/strong><\/p>\n\n\n\n<div class=\"wp-block-image\"><figure class=\"aligncenter\"><img decoding=\"async\" loading=\"lazy\" width=\"1024\" height=\"566\" src=\"https:\/\/chromassonic.com\/wp-content\/uploads\/2019\/04\/appareil_chromassonic-1024x566.jpg\" alt=\"\" class=\"wp-image-79\" srcset=\"https:\/\/chromassonic.com\/wp-content\/uploads\/2019\/04\/appareil_chromassonic-1024x566.jpg 1024w, https:\/\/chromassonic.com\/wp-content\/uploads\/2019\/04\/appareil_chromassonic-300x166.jpg 300w, https:\/\/chromassonic.com\/wp-content\/uploads\/2019\/04\/appareil_chromassonic-768x424.jpg 768w\" sizes=\"(max-width: 1024px) 100vw, 1024px\" \/><\/figure><\/div>\n\n\n\n<p>L&rsquo;appareil&nbsp;<strong>CHROMASSONIC<\/strong>&nbsp;explore les gammes de toutes les couleurs. Ce syst\u00e8me de soins \u00e9nerg\u00e9tiques est le r\u00e9sultat d&rsquo;une \u00e9tude du m\u00e9lange des sons \u00e0 des tonalit\u00e9s diff\u00e9rentes, qui a conduit \u00e0 la production d\u2019une vibration unique pouvant varier en intensit\u00e9. M\u00eame en cours de recherche, les prototypes ont d\u00e9montr\u00e9 des r\u00e9sultats \u00e9tonnants autant sur le bien-\u00eatre des utilisateurs que sur l&rsquo;apaisement des diff\u00e9rents maux.<\/p>\n\n\n\n<figure class=\"wp-block-image\"><img decoding=\"async\" loading=\"lazy\" width=\"1024\" height=\"377\" src=\"https:\/\/chromassonic.com\/wp-content\/uploads\/2019\/04\/chromassonic_s\u00e9ance-1024x377.jpg\" alt=\"\" class=\"wp-image-85\" srcset=\"https:\/\/chromassonic.com\/wp-content\/uploads\/2019\/04\/chromassonic_s\u00e9ance-1024x377.jpg 1024w, https:\/\/chromassonic.com\/wp-content\/uploads\/2019\/04\/chromassonic_s\u00e9ance-300x110.jpg 300w, https:\/\/chromassonic.com\/wp-content\/uploads\/2019\/04\/chromassonic_s\u00e9ance-768x283.jpg 768w\" sizes=\"(max-width: 1024px) 100vw, 1024px\" \/><\/figure>\n\n\n\n<p><strong>Avec la CHROMASSONIC, le corps \u00ab voit \u00bb les sons et \u00ab \u00e9coute \u00bb les couleurs.<\/strong><\/p>\n\n\n\n<p>Cette\nassociation projet\u00e9e sur une personne a des effets curatifs et stimulants, le\ncorps agissant comme un r\u00e9cepteur.<\/p>\n\n\n\n<p>Plusieurs personnes\nont essay\u00e9 notre appareil et ont partag\u00e9 des retours positifs. Souvent d\u00e8s la\ndeuxi\u00e8me s\u00e9ance, on remarque des effets comme une relaxation et un retour aux\nsources : il n&rsquo;est pas rare que des \u00e9motions enfouies ressurgissent et\npermettent aux utilisateurs de mieux g\u00e9rer des douleurs pass\u00e9es. La\nCHROMASSONIC a aid\u00e9 des sportifs, des chefs d&rsquo;entreprises, des professeurs et\ndes demandeurs d&#8217;emploi \u00e0 faire la paix avec eux-m\u00eame et retrouver un esprit\nd&rsquo;initiative ! Quels que soient les profils, chacun peut b\u00e9n\u00e9ficier des soins\n\u00e9nerg\u00e9tiques de la CHROMASSONIC.<\/p>\n","protected":false},"excerpt":{"rendered":"<p>Les soins \u00e9nerg\u00e9tiques par le son et la lumi\u00e8re Le concept de la CHROMASSONIC est de proposer un outil accessible \u00e0 tous, permettant au corps de se d\u00e9tendre et de retrouver sa vitalit\u00e9. Fruit de 20 ann\u00e9es de recherche, l&rsquo;appareil associe deux principes : Une s\u00e9rie de lumi\u00e8res douces g\u00e9n\u00e9r\u00e9es [&hellip;]<\/p>\n","protected":false},"author":2,"featured_media":85,"parent":0,"menu_order":0,"comment_status":"closed","ping_status":"closed","template":"","meta":[],"yoast_head":"<!-- This site is optimized with the Yoast SEO plugin v21.8.1 - https:\/\/yoast.com\/wordpress\/plugins\/seo\/ -->\n<title>Pr\u00e9sentation de Chromassonic - Chromassonic<\/title>\n<meta name=\"robots\" content=\"index, follow, max-snippet:-1, max-image-preview:large, max-video-preview:-1\" \/>\n<link rel=\"canonical\" href=\"https:\/\/chromassonic.com\/index.php\/presentation-de-chromassonic\/\" \/>\n<meta property=\"og:locale\" content=\"fr_FR\" \/>\n<meta property=\"og:type\" content=\"article\" \/>\n<meta property=\"og:title\" content=\"Pr\u00e9sentation de Chromassonic - Chromassonic\" \/>\n<meta property=\"og:description\" content=\"Les soins \u00e9nerg\u00e9tiques par le son et la lumi\u00e8re Le concept de la CHROMASSONIC est de proposer un outil accessible \u00e0 tous, permettant au corps de se d\u00e9tendre et de retrouver sa vitalit\u00e9. Fruit de 20 ann\u00e9es de recherche, l&rsquo;appareil associe deux principes : Une s\u00e9rie de lumi\u00e8res douces g\u00e9n\u00e9r\u00e9es [&hellip;]\" \/>\n<meta property=\"og:url\" content=\"https:\/\/chromassonic.com\/index.php\/presentation-de-chromassonic\/\" \/>\n<meta property=\"og:site_name\" content=\"Chromassonic\" \/>\n<meta property=\"article:modified_time\" content=\"2019-05-16T20:30:09+00:00\" \/>\n<meta property=\"og:image\" content=\"https:\/\/chromassonic.com\/wp-content\/uploads\/2019\/04\/chromassonic_s\u00e9ance.jpg\" \/>\n\t<meta property=\"og:image:width\" content=\"2520\" \/>\n\t<meta property=\"og:image:height\" content=\"928\" \/>\n\t<meta property=\"og:image:type\" content=\"image\/jpeg\" \/>\n<meta name=\"twitter:card\" content=\"summary_large_image\" \/>\n<meta name=\"twitter:label1\" content=\"Dur\u00e9e de lecture estim\u00e9e\" \/>\n\t<meta name=\"twitter:data1\" content=\"3 minutes\" \/>\n<script type=\"application\/ld+json\" class=\"yoast-schema-graph\">{\"@context\":\"https:\/\/schema.org\",\"@graph\":[{\"@type\":\"WebPage\",\"@id\":\"https:\/\/chromassonic.com\/index.php\/presentation-de-chromassonic\/\",\"url\":\"https:\/\/chromassonic.com\/index.php\/presentation-de-chromassonic\/\",\"name\":\"Pr\u00e9sentation de Chromassonic - Chromassonic\",\"isPartOf\":{\"@id\":\"https:\/\/chromassonic.com\/#website\"},\"datePublished\":\"2019-04-11T17:48:31+00:00\",\"dateModified\":\"2019-05-16T20:30:09+00:00\",\"breadcrumb\":{\"@id\":\"https:\/\/chromassonic.com\/index.php\/presentation-de-chromassonic\/#breadcrumb\"},\"inLanguage\":\"fr-FR\",\"potentialAction\":[{\"@type\":\"ReadAction\",\"target\":[\"https:\/\/chromassonic.com\/index.php\/presentation-de-chromassonic\/\"]}]},{\"@type\":\"BreadcrumbList\",\"@id\":\"https:\/\/chromassonic.com\/index.php\/presentation-de-chromassonic\/#breadcrumb\",\"itemListElement\":[{\"@type\":\"ListItem\",\"position\":1,\"name\":\"Accueil\",\"item\":\"https:\/\/chromassonic.com\/\"},{\"@type\":\"ListItem\",\"position\":2,\"name\":\"Pr\u00e9sentation de Chromassonic\"}]},{\"@type\":\"WebSite\",\"@id\":\"https:\/\/chromassonic.com\/#website\",\"url\":\"https:\/\/chromassonic.com\/\",\"name\":\"Chromassonic\",\"description\":\"Syst\u00e8me brevet\u00e9 de chromoth\u00e9rapie\",\"publisher\":{\"@id\":\"https:\/\/chromassonic.com\/#organization\"},\"potentialAction\":[{\"@type\":\"SearchAction\",\"target\":{\"@type\":\"EntryPoint\",\"urlTemplate\":\"https:\/\/chromassonic.com\/?s={search_term_string}\"},\"query-input\":\"required name=search_term_string\"}],\"inLanguage\":\"fr-FR\"},{\"@type\":\"Organization\",\"@id\":\"https:\/\/chromassonic.com\/#organization\",\"name\":\"Chromassonic\",\"url\":\"https:\/\/chromassonic.com\/\",\"logo\":{\"@type\":\"ImageObject\",\"inLanguage\":\"fr-FR\",\"@id\":\"https:\/\/chromassonic.com\/#\/schema\/logo\/image\/\",\"url\":\"https:\/\/chromassonic.com\/wp-content\/uploads\/2019\/04\/Chromassonic-systeme-logo-1.png\",\"contentUrl\":\"https:\/\/chromassonic.com\/wp-content\/uploads\/2019\/04\/Chromassonic-systeme-logo-1.png\",\"width\":1656,\"height\":327,\"caption\":\"Chromassonic\"},\"image\":{\"@id\":\"https:\/\/chromassonic.com\/#\/schema\/logo\/image\/\"}}]}<\/script>\n<!-- \/ Yoast SEO plugin. -->","yoast_head_json":{"title":"Pr\u00e9sentation de Chromassonic - Chromassonic","robots":{"index":"index","follow":"follow","max-snippet":"max-snippet:-1","max-image-preview":"max-image-preview:large","max-video-preview":"max-video-preview:-1"},"canonical":"https:\/\/chromassonic.com\/index.php\/presentation-de-chromassonic\/","og_locale":"fr_FR","og_type":"article","og_title":"Pr\u00e9sentation de Chromassonic - Chromassonic","og_description":"Les soins \u00e9nerg\u00e9tiques par le son et la lumi\u00e8re Le concept de la CHROMASSONIC est de proposer un outil accessible \u00e0 tous, permettant au corps de se d\u00e9tendre et de retrouver sa vitalit\u00e9. Fruit de 20 ann\u00e9es de recherche, l&rsquo;appareil associe deux principes : Une s\u00e9rie de lumi\u00e8res douces g\u00e9n\u00e9r\u00e9es [&hellip;]","og_url":"https:\/\/chromassonic.com\/index.php\/presentation-de-chromassonic\/","og_site_name":"Chromassonic","article_modified_time":"2019-05-16T20:30:09+00:00","og_image":[{"width":2520,"height":928,"url":"https:\/\/chromassonic.com\/wp-content\/uploads\/2019\/04\/chromassonic_s\u00e9ance.jpg","type":"image\/jpeg"}],"twitter_card":"summary_large_image","twitter_misc":{"Dur\u00e9e de lecture estim\u00e9e":"3 minutes"},"schema":{"@context":"https:\/\/schema.org","@graph":[{"@type":"WebPage","@id":"https:\/\/chromassonic.com\/index.php\/presentation-de-chromassonic\/","url":"https:\/\/chromassonic.com\/index.php\/presentation-de-chromassonic\/","name":"Pr\u00e9sentation de Chromassonic - Chromassonic","isPartOf":{"@id":"https:\/\/chromassonic.com\/#website"},"datePublished":"2019-04-11T17:48:31+00:00","dateModified":"2019-05-16T20:30:09+00:00","breadcrumb":{"@id":"https:\/\/chromassonic.com\/index.php\/presentation-de-chromassonic\/#breadcrumb"},"inLanguage":"fr-FR","potentialAction":[{"@type":"ReadAction","target":["https:\/\/chromassonic.com\/index.php\/presentation-de-chromassonic\/"]}]},{"@type":"BreadcrumbList","@id":"https:\/\/chromassonic.com\/index.php\/presentation-de-chromassonic\/#breadcrumb","itemListElement":[{"@type":"ListItem","position":1,"name":"Accueil","item":"https:\/\/chromassonic.com\/"},{"@type":"ListItem","position":2,"name":"Pr\u00e9sentation de Chromassonic"}]},{"@type":"WebSite","@id":"https:\/\/chromassonic.com\/#website","url":"https:\/\/chromassonic.com\/","name":"Chromassonic","description":"Syst\u00e8me brevet\u00e9 de chromoth\u00e9rapie","publisher":{"@id":"https:\/\/chromassonic.com\/#organization"},"potentialAction":[{"@type":"SearchAction","target":{"@type":"EntryPoint","urlTemplate":"https:\/\/chromassonic.com\/?s={search_term_string}"},"query-input":"required name=search_term_string"}],"inLanguage":"fr-FR"},{"@type":"Organization","@id":"https:\/\/chromassonic.com\/#organization","name":"Chromassonic","url":"https:\/\/chromassonic.com\/","logo":{"@type":"ImageObject","inLanguage":"fr-FR","@id":"https:\/\/chromassonic.com\/#\/schema\/logo\/image\/","url":"https:\/\/chromassonic.com\/wp-content\/uploads\/2019\/04\/Chromassonic-systeme-logo-1.png","contentUrl":"https:\/\/chromassonic.com\/wp-content\/uploads\/2019\/04\/Chromassonic-systeme-logo-1.png","width":1656,"height":327,"caption":"Chromassonic"},"image":{"@id":"https:\/\/chromassonic.com\/#\/schema\/logo\/image\/"}}]}},"_links":{"self":[{"href":"https:\/\/chromassonic.com\/index.php\/wp-json\/wp\/v2\/pages\/82"}],"collection":[{"href":"https:\/\/chromassonic.com\/index.php\/wp-json\/wp\/v2\/pages"}],"about":[{"href":"https:\/\/chromassonic.com\/index.php\/wp-json\/wp\/v2\/types\/page"}],"author":[{"embeddable":true,"href":"https:\/\/chromassonic.com\/index.php\/wp-json\/wp\/v2\/users\/2"}],"replies":[{"embeddable":true,"href":"https:\/\/chromassonic.com\/index.php\/wp-json\/wp\/v2\/comments?post=82"}],"version-history":[{"count":4,"href":"https:\/\/chromassonic.com\/index.php\/wp-json\/wp\/v2\/pages\/82\/revisions"}],"predecessor-version":[{"id":510,"href":"https:\/\/chromassonic.com\/index.php\/wp-json\/wp\/v2\/pages\/82\/revisions\/510"}],"wp:featuredmedia":[{"embeddable":true,"href":"https:\/\/chromassonic.com\/index.php\/wp-json\/wp\/v2\/media\/85"}],"wp:attachment":[{"href":"https:\/\/chromassonic.com\/index.php\/wp-json\/wp\/v2\/media?parent=82"}],"curies":[{"name":"wp","href":"https:\/\/api.w.org\/{rel}","templated":true}]}}